at is the ten thousands digit of p?
3
Let p(g) = -5*g**2 + 11*g + 34. Let o(s) = -14*s**2 + 33*s + 101. Let a(j) = 4*o(j) - 11*p(j). Let x be a(13). What is the units digit of -2 + x - -2 - -68?
2
Suppose -2*k + 5*k + l - 384 = 0, -3*k + 384 = 5*l. What is the thousands digit of 1579 + (-2)/2 + (k - 131)?
1
Let v be (-27 - -6)/(-2 + 7/2). Let y = v - -13. What is the hundreds digit of (-5 - (y - 1)) + 151?
1
Suppose 0 = 296*b - 378456 - 600416. What is the tens digit of b?
0
Let t(r) = 188*r + 10. Let a be t(2). Let k = a - 192. What is the hundreds digit of k?
1
Suppose 6*q = -4*q + 70. What is the tens digit of 3 - (-1 + -260 + q)?
5
Suppose -370 = -3*l - 1141. Let v = l + 327. What is the units digit of v?
0
Let o(h) = 3*h**3 - 13*h**2 + 16*h + 42. Let i(l) = -2*l**3 + 14*l**2 - 15*l - 42. Let w(k) = 4*i(k) + 3*o(k). What is the units digit of w(-14)?
4
Suppose 0 = -9*s + 127 - 37. Suppose -10 = -s*p - 0. What is the tens digit of p + 39/2 - 4/(-8)?
2
Let h(r) = -r**2 + 2*r - 1. Let d(k) = -11*k**2 - 5*k + 9. Let m(y) = -d(y) - 4*h(y). What is the units digit of m(-3)?
9
Suppose 0*g + 8 = 4*g. Suppose -2*m + 3*c = m + 6, m = -g*c + 13. Suppose 45 = -m*l + 510. What is the units digit of l?
5
Suppose -45*o + 26179 = -277166. What is the units digit of o?
1
Let s = -63216 + 115197. What is the units digit of s?
1
Let s = 128026 + -48176. What is the thousands digit of s?
9
Suppose -2*a + 4*k + 92 = 0, -3*k = 7 + 5. Suppose -40*x + 224 = -a*x. What is the units digit of (-1242)/161*x/(-6)?
4
Let g = -128 - -146. Let k be 2 + 2/4 + 27/g. Suppose -5*y + 525 = 5*w, -5*y + 0*y - k*w + 530 = 0. What is the hundreds digit of y?
1
Suppose 13 = 12*s + 37. What is the tens digit of 10/5*(42 + s)?
8
Suppose 0*w = 3*w + 2*p - 808, 3*w - 4*p - 796 = 0. Suppose 4*n - 2116 = -w. Suppose m = 3*c - 634, -m + 374 = 4*c - n. What is the hundreds digit of c?
2
Suppose 1004*o = 1003*o + 9052. What is the units digit of o?
2
Let w be (3 + 5/(-10))*2. Suppose -5*c = -w*s + 135, -s + 2*s - 15 = -5*c. Suppose 2*k + 19 = -2*i + 69, -k = -5*i - s. What is the units digit of k?
5
Suppose 0 = 10*y + 6817 - 30557. What is the units digit of y?
4
Suppose -21478 = -o + 5*g, -33*g + 64447 = 3*o - 35*g. What is the tens digit of o?
8
Let o(d) = d + 23. Let r be o(-20). Suppose 201 = -r*i + 45. Let j = 63 + i. What is the tens digit of j?
1
Let g(s) = 6*s**2 + s + 3. Let r be g(2). Suppose -r*h + 648 = -25*h. Suppose 3*p = 5*w + 224, 2*p - w - h = -4*w. What is the units digit of p?
8
Let p(a) = a**2 + a. Let c = 88 + -87. Let u be p(c). Suppose u*f - 484 = -2*f. What is the units digit of f?
1
Let r(w) = -w**3 - w**2 + 4*w - 9. Let u = -106 - -71. Let m = u + 31. What is the tens digit of r(m)?
2
Let l = 12163 + -8528. What is the tens digit of l?
3
Suppose -w - 227 = 4*l, l + 461 = -w - w. Let g = 622 + w. What is the units digit of g?
1
Suppose -9*q = 5*t - 7*q - 166, 2*t - 74 = 3*q. Let y = t - -38. What is the units digit of y?
2
Let t be -1 + (-1)/(1/(-4)). Suppose t*g + 1 - 1 = 0. What is the tens digit of (-1)/(g + (-3)/36)?
1
Suppose 2*r + 35 = -3*r, -5*r + 12004 = 3*y. What is the hundreds digit of y?
0
Let d(p) = 18981*p**2 - 27*p + 46. What is the units digit of d(2)?
6
Let y(b) = 2*b**2 - 28*b + 2. Let r be y(14). Suppose 0*d - 2*d - 2 = 0, 783 = -r*z - 3*d. Let g = -138 - z. What is the hundreds digit of g?
2
Let j be (-20978)/(-4) - (4 - (-63)/(-14)). Suppose 8*f - 2499 = j. What is the units digit of f?
8
Let z(g) = 1172*g - 3987. What is the hundreds digit of z(50)?
6
Suppose 5*j - 4*f = 109, -3*j = -f - 27 - 44. Suppose j*q - 610 - 490 = 0. What is the tens digit of q?
4
Let q(v) = -v**3 - 7*v**2 - 2*v - 8. Let i be q(-7). Let x be (-3)/9 - (-1155)/9. Suppose i*f + 14 = x. What is the tens digit of f?
1
Let c(o) = o**3 - 21*o**2 + 389*o - 129. What is the tens digit of c(21)?
4
Suppose 38*z + 12405 = 41*z. What is the tens digit of 4 - z/(-10) - 1/2?
1
Let c(g) = -302*g - 9. Suppose -4*r = -i + 8, r + 5*i + 2 = 2*i. Let b be c(r). Suppose p = 2*p - 4*d - 153, 4*p + d = b. What is the units digit of p?
9
What is the units digit of (-4)/(-36) - (-205794)/243?
7
Let h(i) = -38*i**2 + 6 + 3*i + 2*i + 43*i**2 - 3 - i**3. Let z = 9 + -5. What is the tens digit of h(z)?
3
Let n(f) = f**3 + 15*f**2 - 46*f - 48. Let o be n(-16). Suppose 4*v - 4*d - o = 0, 4*v - d = 4*d + 435. What is the hundreds digit of v?
1
Let a = -1104 - -2274. Suppose -252*g + a = -247*g. What is the tens digit of g?
3
Let a(t) = 76 + 6*t + 61*t - 38. What is the units digit of a(6)?
0
Suppose -21*p = -249080 - 158257. What is the units digit of p?
7
Let l = 258 - 251. Suppose 0 = l*n - 12*n + 7170. What is the thousands digit of n?
1
Let c(k) = -5*k**3 + k**2 + k + 9. Let x be c(-2). Suppose -49*f = -x*f + 194. What is the tens digit of f?
9
Suppose -379*o + 42488 = -448*o + 1084457. What is the units digit of o?
1
Let n(x) = -x**3 + 2*x**2 + x + 33. Let o be n(4). Suppose -5*m - 2435 = k - o*k, -3*m + 1245 = 2*k. What is the hundreds digit of k?
6
Let u(x) = x. Let k(t) = -4*t + 12. Let g(n) = k(n) + 5*u(n). Let o be g(-9). Suppose -217 = -2*q + 3*v, o*q - 121 - 177 = -v. What is the units digit of q?
1
Suppose -37*f - 6657 = -20347. Let p = 5 + f. What is the tens digit of p?
7
Let q(a) = -a**3 + 12*a**2 - 8*a - 27. Let m be (-6 - 0 - (-2 - 1)) + 12. What is the hundreds digit of q(m)?
1
Suppose 3*s + 3269 - 42923 = -3*t, -t + s = -13210. What is the thousands digit of t?
3
Let g(k) = -20*k. Let x be g(0). Suppose -2*h - 79 + 1311 = x. What is the hundreds digit of h?
6
Let f(c) = -4*c - 12. Let a be f(-3). Suppose a = 26*d - 2461 - 19925. What is the hundreds digit of d?
8
Suppose 41*n = 32876 + 5090. What is the units digit of n?
6
Suppose -12*r = -426 - 522. Suppose -11*g + 3001 + r = 0. What is the hundreds digit of g?
2
Suppose -43 = -9*o - 16. Suppose -4*t + 108 = -4*h, -4*h + o*t - 120 = -14. Let v = 84 + h. What is the units digit of v?
9
Let p be (-35)/(-5)*2 + 1. Suppose -p = r + 15. Let j = 50 + r. What is the units digit of j?
0
Let j(c) = -1666*c + 253. What is the thousands digit of j(-3)?
5
Let o(z) = 118*z + 64. Let d be o(-1). Let n(l) = -l**2 + l + 3. Let p be n(6). Let u = p - d. What is the units digit of u?
7
Suppose -8*f + 9*f = 4, 0 = -d + 3*f + 6233. What is the hundreds digit of d?
2
Let o be -1 + -102 - 8/2. Let i = o + 120. Suppose c + i = 99. What is the tens digit of c?
8
Let i be (-25 - -25)*1*2/(-4). Suppose i = -v - 0*v + 940. Suppose -1348 = -16*o + v. What is the tens digit of o?
4
Let x = 14 - 15. Let w be (-3249)/(-54) - x/(-6). Suppose 2*y + j = 120, 0*j - w = -y - 5*j. What is the tens digit of y?
6
What is the hundreds digit of (57/(-24) - 1 - -3) + (-288774)/(-144)?
0
Let b(i) = i**3 + 2*i**2 + 13*i + 10. Let w be b(-5). Let v = 256 + w. What is the tens digit of v?
2
Let n(q) = -2*q + 9. Suppose 0*t + 196 = 4*t. Suppose 5*v - 3*v - 12 = d, 0 = 5*d + v + t. What is the units digit of n(d)?
9
Let k(a) = -3*a**3 - 2*a**2 - 4*a + 5. Suppose 0 = 6*f - 3*f + 12. What is the units digit of k(f)?
1
Suppose 2*u + 1 = d, 0 = 2*d - 3*u + 2*u + 10. Let i be (-8 - -2) + (d - -10). Let o(j) = j**3 + 2*j**2 - 3*j + 4. What is the units digit of o(i)?
4
Suppose g + 314 - 313 = 0. Let h(o) = -o**2 + 3*o + 3. Let q be h(3). What is the units digit of (173 + 4)/q + g?
8
Let q(s) = 2036*s - 37. What is the units digit of q(4)?
7
Let c(s) = -4379*s + 4641. What is the units digit of c(-6)?
5
Suppose -59*i + 398425 = 388479 - 1965374. What is the hundreds digit of i?
4
Suppose 2*s + 9 = g - 0*g, 4*g + 5*s = 10. Suppose 0 = g*q - 2*q - 6. Suppose 4*b = -4*d + 180, -q*b = d - 109 + 23. What is the tens digit of b?
4
Suppose 8 = 22*i - 20*i. Suppose i*u - 2568 = -0*u. What is the units digit of u?
2
Let l(a) = -a**2 + 17*a - 62. Let x be l(12). Suppose 7*t - 3*t = 48. What is the tens digit of (67/x - 6/t)*-1?
3
Let t = -159 + 155. What is the hundreds digit of -4 + 7 + 302 - t?
3
Let z(n) = 10*n**2 - 4*n - 3. Let h be z(-2). Suppose 3*v + 2*v + 4*a = 238, 4*v = -5*a + 185. Let y = v - h. What is the units digit of y?
5
Suppose -5*z = -5*c + 1671 + 589, -2*c = 4*z - 922. Suppose c = -5*i + 4*a, -i + 5*a = 3*i + 355. Let w = -39 - i. What is the units digit of w?
6
Let a(w